(-7). Suppose -5*f + 2*c + u = 0, 4*c = 2*f - 0*c - 60. Calculate the remainder when 42 is divided by f.
20
Let t(j) = j**2 - 5*j - 1. Let v be t(7). Suppose -262 = -5*h + v. What is the remainder when h is divided by 19?
17
Suppose 2*w = -3*w + 45. Suppose 4*f + 55 = w*f. Suppose -4*k + 3*k = -f. Calculate the remainder when k is divided by 4.
3
Suppose -42 - 15 = -3*y. Suppose -u - 4*r = -6*u - 2, -2*u = 5*r - y. Calculate the remainder when 10 is divided by u.
0
Let k = -85 + 119. Let w = -5 + k. Calculate the remainder when w is divided by 10.
9
Let m be (36 - 1)*1 + -2. Suppose 0*u = -3*u + m. Calculate the remainder when 41 is divided by u.
8
Let g = 232 + -211. Suppose y - 6 = -0*y. What is the remainder when g is divided by y?
3
Let z be 2/(-6)*(-6)/1. What is the remainder when 3/z*(-78)/(-3) is divided by 14?
11
Suppose 2*p - 2*t = 2, -5*t - 21 = -5*p - 4*t. Suppose 4*f + 3*i - 3 = -7, -26 = -3*f + 5*i. What is the remainder when p is divided by f?
1
Suppose 4*u + 0*w - w = 16, 0 = -2*u + 4*w + 8. Suppose 5*x - 51 = u*l, -51 + 15 = -3*x - 3*l. Calculate the remainder when 3/3 - 57/(-3) is divided by x.
9
Suppose 2 = m - 0. Suppose 5*f - 12 = -m. What is the remainder when 4 is divided by f?
0
Let p = -26 + 188. Calculate the remainder when p is divided by 15.
12
Suppose 2*t - 20 = 92. What is the remainder when t is divided by 19?
18
Let n(i) be the third derivative of -1/6*i**3 + 4*i**2 - 1/4*i**4 + 0*i + 0. Calculate the remainder when n(-7) is divided by 11.
8
Let q be 1*(0 + 0)*1. Suppose 4*d + q*d = 136. Let a = -17 + d. Calculate the remainder when 48 is divided by a.
14
Let l(w) = w**3 - 9*w**2 + w - 10. Let h be l(9). Let f = h - -2. Calculate the remainder when 2 is divided by f.
0
Let m = 77 + -46. Suppose m = 2*o - 17. Calculate the remainder when 94 is divided by o.
22
Let v = -2 - -2. Let d = v - -9. Suppose 78 = -l + 4*l. Calculate the remainder when l is divided by d.
8
Let q be (-3)/12 + 482/8. Suppose k + 3*k = q. What is the remainder when k is divided by 8?
7
Suppose -4*w - 608 = 2*t, -3*t - 921 = -w - 2*w. Suppose -76 = -3*m + 182. What is the remainder when m is divided by t/(-14) - 4/(-28)?
20
Let z(s) = 3*s**3 - 15*s**2 + 7*s + 12. Let r(q) = q**3 - 7*q**2 + 4*q + 6. Let v(n) = -5*r(n) + 2*z(n). Calculate the remainder when 47 is divided by v(-5).
23
Suppose w - 1 = -3*x + 2*w, -w + 6 = 4*x. Suppose 0 = 3*n - x - 35. What is the remainder when 47 is divided by n?
11
Let b(x) = 9*x - 66. Calculate the remainder when b(18) is divided by 50.
46
What is the remainder when 69 is divided by -2*(-10)/(-5) + 29?
19
Let f(a) = a**3 - 5*a**2 + 6*a - 2. Suppose 19 = h - 3*j, 2*h + 4*j = 3*j + 3. What is the remainder when f(h) is divided by 4?
2
Let s = 80 + -148. Let o(u) = -2*u**3 + u**2 + 3*u - 1. Let t be o(3). Let g = t - s. Calculate the remainder when g is divided by 8.
7
Suppose -2*j = 3*j - 50. Suppose -b = -30 - j. Suppose h + 4*d - 4 = 2, -d - 72 = -5*h. What is the remainder when b is divided by h?
12
Suppose -4*o = -38 - 118. What is the remainder when o is divided by 10?
9
Let p = -3 + 6. Suppose 3*i - 274 = 5*h, p*h + 25 - 10 = 0. What is the remainder when i is divided by 28?
27
Let a(w) = -20*w - 24. Suppose -104 = -2*d + 5*q, -4*q - 29 - 79 = -2*d. Calculate the remainder when d is divided by a(-2).
14
Let y be (2 - -19)*(-1 + 0). Let p = 46 + y. Let i(b) = b**2 - 3*b + 3. Calculate the remainder when p is divided by i(5).
12
Suppose 4*j - 63 = -5*j. Calculate the remainder when 34 is divided by j.
6
Let c be 9 - (1 + (-4)/(-4)). Let t(s) = s**2 + 5*s + 7. Calculate the remainder when t(c) is divided by 31.
29
Let a be 2 + (-1 - 0)/1. Let b(n) = 28*n**2 + n - 1. Calculate the remainder when b(a) is divided by 10.
8
Let r be ((-4)/(-2) - -3)/1. Suppose -5*k - 5 = 5*a, -2*k + 6 = r*a - a. What is the remainder when 45 is divided by ((-8)/k)/(4/40)?
13
Let u(i) = i**2 - 15*i + 32. What is the remainder when 16 is divided by u(13)?
4
Suppose -3*l - 1 = -4*i - 12, 3*i = -3*l + 18. What is the remainder when l is divided by 3?
2
Let t(l) = l**3 + 6*l**2 - 5*l - 8. Let h = 2 - 8. Calculate the remainder when t(h) is divided by 8.
6
Suppose -2*w + 14 = -w. Let y be 85*(3 - (-39)/(-15)). Suppose 6 = 5*l - y. What is the remainder when w is divided by l?
6
Let u = -408 - -571. Suppose 4*r = 9 + u. Suppose 2 = f - 9. Calculate the remainder when r is divided by f.
10
Suppose 2*s + 8 = 6*s. Let o = -2 + 4. Suppose 0 = -o*u + 4 - 2. Calculate the remainder when s is divided by u.
0
Calculate the remainder when (-6 + (-135)/(-9))*(-1 - -7) is divided by 11.
10
Suppose -j - 7*j = -144. Calculate the remainder when 66 is divided by j.
12
Suppose -4*d = -5*v - 3, v + d - 12 = 6*d. Let t(o) = o**2 + o + 2. Calculate the remainder when t(-6) is divided by (-38)/(-2) - (v - -5).
15
Suppose -4*r = -3*r + 5*a - 173, 0 = -3*r + 5*a + 579. Suppose 7*c - 3*c - r = 0. Calculate the remainder when c is divided by ((-24)/(-15))/((-10)/(-75)).
11
Suppose -2*z + 4*s + 2 = 0, -3*s + 0*s = 2*z - 23. What is the remainder when 47 is divided by z?
5
Let w = -1 - -2. Let q(f) = 38*f. What is the remainder when q(w) is divided by 10?
8
Let x(i) = -i**2 + 11*i - 8. Let a be x(11). Let n = 18 + a. Calculate the remainder when 18 is divided by n.
8
Calculate the remainder when 1 - (-1 + 2) - -6 is divided by (-2)/11 + (-70)/(-22).
0
Let a = 18 - 15. Suppose a*g - 4*h = -0*g + 18, 3*g - h - 9 = 0. What is the remainder when 5 is divided by g?
1
Suppose 3 = -4*y - j, 5*y + 6 = 2*y - 2*j. Suppose 5*o = z - 46, y*o - 34 = -z + o. Calculate the remainder when z is divided by 16.
15
Let u(f) = -f + 4. Let n be u(0). Suppose 15 - 67 = -n*o. Calculate the remainder when 38 is divided by o.
12
Suppose 7 - 22 = -3*f. Suppose -2*d + t = -30, -3*d - 18 = 3*t - 81. Let l = d + -8. What is the remainder when l is divided by f?
4
Let w(k) = k**3 - k**2 + 2*k + 1. Suppose -8 = 3*b - 2. Let u be w(b). What is the remainder when 28 is divided by (-76)/(-5) - (-3)/u?
13
Let q = 31 + -23. Let g(u) = -8*u**2 + 2*u + u**3 + 2 + 7 - 3. Calculate the remainder when g(q) is divided by 12.
10
What is the remainder when (-6)/(-2*(-3)/(-18)) is divided by 5?
3
Let r be 4*(-2 - -1)*-1. Suppose d = 5*n - 4, -5*n - 1 = -r*d + 43. What is the remainder when 31 is divided by d?
15
Suppose 2*i - 57 = -i. Let b be 0 + (2 - -1) + -3. Suppose b = 5*v - 15, v + 52 = m + 4*m. What is the remainder when i is divided by m?
8
Suppose -5*n + 68 = 3*l, 0 = 2*l + 5*n - 4*n - 57. Suppose -5*i = b + 10 - 2, -2*b + 9 = 5*i. Calculate the remainder when l is divided by b.
14
Let v(s) = s**3 + 4*s**2 - 11*s - 6. Let b be v(-6). Let z = b + 46. What is the remainder when z is divided by 18?
16
Let c(d) = d + 4. Let m be c(-2). Suppose 55 = 3*u + 19. What is the remainder when (m/(-6))/((-2)/138) is divided by u?
11
Suppose 4*h + 9 = 3*k, -5*k + 12 = -k + 2*h. Suppose -2*l + k*d = -49, -4*l - 155 = -9*l + d. What is the remainder when l is divided by 11?
10
What is the remainder when 149 is divided by 6/(24/10)*12?
29
Suppose d - 34 = 5*j, 2*j = 5*d + 4*j - 62. Calculate the remainder when 54 is divided by d.
12
Let q(f) = -4*f**3 + 3*f + 1. What is the remainder when 105 is divided by q(-2)?
24
Suppose 2*o = n + 15, -2*o + 13 = 2*n + 1. Let y be 6/20*6*5. Let j = y - 4. Calculate the remainder when o is divided by j.
2
Suppose 2*l - 30 = 5*l. What is the remainder when 38 is divided by (l/6)/(1/(-12))?
18
Suppose 9 = -3*d + 153. What is the remainder when d is divided by 10?
8
Suppose 0 = 2*b + 10 - 34. What is the remainder when 26 is divided by -1*21*(-8)/b?
12
Let s(v) = v**2 + 7*v - 1. Let p be s(-7). Let r(b) = -b**2 + 8*b - 7. What is the remainder when r(6) is divided by p/4 + (-36)/(-16)?
1
Let f = -35 - -71. Calculate the remainder when 143 is divided by f.
35
Let q = -63 + 69. What is the remainder when 64 is divided by q?
4
Let m = -4 - 1. Let q(a) = -a**3 - 3*a**2 + 7*a + 5. What is the remainder when q(m) is divided by (-2 + 0 + -5)/(-1)?
6
Let q = 12 - -1. Calculate the remainder when q is divided by 8.
5
Suppose -340 = -11*k + 7*k. Calculate the remainder when k is divided by 44.
41
Calculate the remainder when 41 is divided by (65/(-10) - (-3)/(-6))*-5.
6
Let b(q) = q**3 